10 + 4 + 0 + 4.
-2
What is the value of -3 + 1 - -4 - 1?
1
Calculate (6 - 0) + (-1 - 4).
1
(36 - 41) + 0 + 0
-5
Evaluate -3 + 8 + (2 - (4 - 0)).
3
Calculate (1 - 1) + (5 - (-1 + 7)).
-1
(-3 - (10 + -9)) + 2 + -2
-4
(-20 - -18) + (-1 - -5)
2
Calculate -4 + -2 - ((-18 - -17) + 1).
-6
Evaluate (22 - 3 - (7 + -1)) + -5.
8
What is the value of 4 - (-3 + (11 - 2 - -2))?
-4
Evaluate (-2 - (2 + 2)) + 0.
-6
Calculate -2 + -1 + 0 - -3.
0
Evaluate 8 + -4 + (0 - 3).
1
What is -2 + 0 + 11 + -9 + 5?
5
What is 3 - 5 - -3 - 6?
-5
What is the value of (-1 - 2) + 2 + 3?
2
What is 5 + (-1 + -4 - (-7 - -7))?
0
Calculate (2 + -1 - -2) + -6.
-3
Evaluate (11 - 7) + -4 + -1 + 3.
2
-9 + (-1 - -6) + -8 + 6
-6
What is 3 + (0 - 0) - (6 + -3)?
0
Calculate 12 + -5 + 2 + -3 - 1.
5
Evaluate 1 - (-4 + 1 + 5).
-1
What is the value of -6 + -6 + -1 + 9?
-4
What is 7 + 2 + 9 + -20?
-2
What is the value of -7 - (7 - (-6 - -18))?
-2
7 + 0 + -7 + 5
5
-1 + 51 + -49 + (-1 - -10)
10
(-4 - 2) + (0 - -13) - 4
3
2 + -2 - (-7 + (-5 - -8))
4
What is the value of 2 - (5 + -4 - 3)?
4
Evaluate (2 - 1) + (-5 - (-3 + 3)).
-4
Calculate -3 - (0 - (1 + 0)).
-2
-1 + 3 + -3 + 1 + -3
-3
Calculate -7 + (6 - 2) + 2 + -2.
-3
What is 0 + -5 + 5 + 0 + -1?
-1
Evaluate -36 - -33 - (-2 - 0).
-1
Calculate (2 - 10) + 4 + -2.
-6
Evaluate -6 + 0 + (4 - -2 - 4).
-4
Calculate 7 + (-10 - -7 - 2) + 0.
2
Calculate (1 + -6 - (3 + -5)) + 1.
-2
Calculate 4 + 0 + 2 + -5.
1
11 - (-10 - -40 - 11)
-8
2 - 3 - (53 + -53)
-1
Calculate -1 + 6 + -22 + 12.
-5
Calculate -2 - ((1 - 0) + -4).
1
Evaluate -1 - (10 + (-1 - 5)).
-5
Evaluate 7 + (6 - 27) + 13.
-1
0 - -4 - 2 - 0
2
What is 0 - ((-6 - -4) + (-1 - -4))?
-1
What is -3 - (2 + 7) - (-4 - 1)?
-7
Evaluate 34 - 35 - (5 + -1).
-5
What is the value of 12 + -9 - (-1 - 0) - 0?
4
(0 - -7) + (-22 + -15 - -21)
-9
What is -9 + (1 - (4 + -7))?
-5
Calculate (3 - (4 - -6)) + 18 - 6.
5
(5 - 5) + 2 + -2
0
What is the value of -1 + (3 + 0 + -3 - 0)?
-1
What is (-3 + (3 - 0) - -2) + -9?
-7
Calculate -2 + -2 + 0 + 4.
0
What is the value of 6 + -15 + (3 - -4)?
-2
Calculate (3 - 3 - -2) + -7 + 2.
-3
2 + -15 - (79 - 81)
-11
Calculate 12 + (6 + -9 - 2).
7
What is the value of -7 - (-3 + (6 - (3 + 0)))?
-7
What is the value of (2 - (3 + -3)) + 5 + -5?
2
What is 16 + -8 + -7 - -5?
6
Calculate (-3 - 0) + 2 - (7 - 7).
-1
What is the value of 5 - 3 - (1 - 9)?
10
What is 1 - (10 + -3 + (-1 - 0))?
-5
What is -1 + -9 - 3 - -8?
-5
-2 + -5 + 8 - (-1 + 3)
-1
What is the value of -3 + 4 + -2 + 3?
2
Calculate -3 + 2 + 5 + -1.
3
What is the value of 7 + -4 + (-1 + -3 - 1)?
-2
Evaluate 6 + (10 - (4 + 5)).
7
-6 + 2 + (-3 - -5 - -4)
2
(9 - 5) + -8 + 6
2
What is the value of -3 - (3 - (-3 - -11))?
2
What is (-11 - -7) + 4 + 1?
1
What is 7 + -11 + (-2 - -8) + -2?
0
What is 9 + -6 + (-4 - -5)?
4
Calculate -6 - (6 - 4 - (5 + 0)).
-3
What is 2 + (4 - (-3 - -5 - 1))?
5
Evaluate 2 - ((-2 - (-1 - 6)) + -7).
4
3 - (1 + (1 - -8))
-7
Calculate -9 - (5 + -4 + -5).
-5
Evaluate 22 + -6 + -1 - (7 - -1).
7
What is 31 + -13 - 11 - 7?
0
Evaluate 177 - 172 - (1 - (0 - -1)).
5
What is 5 + -10 - (0 - 3)?
-2
Evaluate -2 - ((1 - -5 - 7) + -4).
3
What is 5 - 8 - 4 - 1?
-8
Evaluate -2 - (-4 - -4 - 3 - -1).
0
-5 - (2 - 12) - (2 + 8)
-5
What is (2 - -3 - 0) + -1 + -5?
-1
Evaluate 3 - 1 - 1 - (298 + -302).
5
Calculate -2 + (-7 - -1) + (5 - 2).
-5
Calculate (-37 - -35) + (1 - (2 - 0)).
-3
Evaluate -7 + (21 - 7) - 4 - 3.
0
Evaluate -1 - 1 - (46 + -51).
3
What is -2 - ((-5 - -9) + -1 + 3)?
-8
What is 22 + -23 - (2 - (6 - 2))?
1
What is the value of 9 + (0 - 1 - (-4 - -6))?
6
Evaluate 21 + -9 + -2 + -4.
6
(-4 - -8) + -1 + -4 + 4
3
What is the value of -2 - (0 - 3 - -4)?
-3
(5 - 8 - (-2 + -4)) + -8
-5
Calculate (-8 + 1 + 8 - 4) + -2.
-5
(2 - 3) + (9 - 9) - -1
0
Calculate 0 - (0 - -2 - 7 - -1).
4
1 + -3 + 5 + -4
-1
0 + -2 + (-16 - -23)
5
Evaluate 6 + (-6 + (-6 - -6) - -1).
1
What is the value of 6 + (9 - (8 - -14))?
-7
Calculate (6 - 9) + (-1 - 0).
-4
Evaluate (7 - 5 - -2) + -3.
1
(5 - (4 - 2) - 2) + -1
0
What is the value of 7 - (7 + -8 - (-2 - 1))?
5
Evaluate 11 - (8 - -2 - 8).
9
What is 19 - 20 - (-1 + 5) - -11?
6
48 - 56 - (-1 - 9)
2
Evaluate -13 - -15 - (-3 - -1) - -1.
5
(1 - (13 + -8)) + 9
5
What is -10 + 6 + (4 - -4)?
4
7 + 9 - 13 - (0 - -2)
1
-9 + (5 - 1) + 9
4
What is 6 + 3 + -2 + -3?
4
What is -2 + 5 + 1 + 1?
5
What is -17 + (-3 - -26) - (-1 + -2)?
9
What is the value of (2 - 2) + -4 + 7 + 5?
8
Evaluate -24 + 24 + -7 + 2 - -12.
7
What is the value of 0 + 8 + -6 + -6?
-4
Calculate 2 + 1 + (19 - (-12 - -40)).
-6
Calculate -6 + 2 + -5 + 3 - -3.
-3
What is -3 + (2 - -3 - 5) + -2?
-5
What is the value of 4 + -5 - (-2 + (2 - -2))?
-3
What is the value of (0 + -3 - 2) + 3?
-2
What is (-4 - -1) + 3 - 2?
-2
What is -8 + -6 + 12 + 11?
9
What is (-3 - -3) + 3 + 2?
5
Evaluate 3 + -2 + -3 + 32 + -26.
4
Evaluate -4 - (-9 - -4 - -1).
0
Evaluate 6 - (7 + 1 - (-1 + 4)).
1
What is 7 - (12 - (24 - 11))?
8
What is -10 + 12 - (-1 + (1 - 1))?
3
Calculate (-5 - 3) + 1 - (-14 + 13).
-6
What is -2 + 0 + 2 + 4?
4
0 - 1 - (-1 - 1)
1
What is 3 - (-2 - ((-1 - 5) + 1))?
0
Calculate -1 + 7 + 11 + -11.
6
1 - (-6 + (8 - 0)) - -3
2
Calculate 60 - 66 - (2 - 1).
-7
Evaluate -2 - (4 + -9 + 2) - 3.
-2
Evaluate -7 - -9 - (6 - (2 - 0)).
-2
Evaluate 2 + (-1 - (4 - 6)).
3
Evaluate -2 - (2 + -4 - -6) - -2.
-4
What is the value of -151 - -155 - (2 + -1 - 3)?
6
What is 10 - 13 - (1 - (-2 + 1))?
-5
Evaluate 0 + (5 - (3 - 1)).
3
What is 0 - (11 + -7 + -4)?
0
What is 7 - 11 - (1 + -2 + 2)?
-5
What is -3 - (-8 + (9 - 7))?
3
Evaluate 8 + 2 + (12 - 17).
5
(-4 + 1 + -3 - 2) + 4
-4
What is 3 - ((-3 - -2) + (6 - 2))?
0
What is -5 + (0 + 3 - (26 + -20))?
-8
Evaluate -3 + -5 + 3 + 2.
-3
Calculate -2 - (1 - (6 + -7 + -3)).
-7
What is the value of 4 - (-4 + 8) - 0?
0
What is the value of -7 + -6 + (25 - 11)?
1
What is the value of -1 + 2 + (1 - (-2 + 6))?
-2
-4 + 2 + (55 - 55)
-2
What is 1 + -4 - (-2 - -5 - 5)?
-1
What is 3 + (3 - (9 - 0)) + -2?
-5
What is 7 + -5 + 2 + -9?
-5
What is 0 + -1 + 0 + (-6 - -2)?
-5
What is the value of 2 + -2 - 1 - 4?
-5
What is the value of -2 + 9 + (3 - 3 - 4)?
3
Calculate 0 + (-2 - (2 + -4) - 2).
-2
Calculate -9 - (0 - 3 - (-10 - -9)).
-7
0 + (-4 + 4 - -3)
3
What is 13 + -2 + -7 - (-1 + 1)?
4
-12 - -11 - 2 - (-3 - 0)
0
Calculate (-2 - -1) + 5 + -6 + -3.
-5
(9 - 2) + -5 + -7
-5
What is 1 - (5 - (4 + 1))?
1
Evaluate -1 - (2 - 7) - 4.
0
-3 + -2 - -7 - 3
-1
Calculate 2 - 1 - (44 - 39).
-4
1 + -10 - (-3 - (9 + -8))
-5
4 + -3 + (-7 - (3 + -5))
-4
(5 - -2) + 2 + 388 + -389
8
(3 + -2 - 1) + 4 + 1
5
Evaluate 1 + 0 + -2 + (1 - 0).
0
Evaluate (-13 - (-15 - 0)) + (-4 - 1).
-3
Evaluate 2 - (6 + -2 - (4 - 0)).
2
What is the value of 1 + 4 - (2 + 0)?
3
What is 1 + -6 + 1 + 21 + -20?
-3
Evaluate -23 - -16 - (-1 - (0 + 11)).
5
What is the value of -3 + 5 + -4 + (5 - 5)?
-2
Calculate -10 - 1 - (-100 + 96).
-7
Calculate -7 - (-11 + -6 - -4).
6
Calculate 4 - -3 - (5 - (5 + -7)).
0
Evaluate 0 - -3 - (20 - 12).
-5
What is -15 - -7 - (8 + -10)?
-6
Calculate -1 - -8 - -2 - (-86 - -93).
2
What is the value of -4 + 0 - 6 - -4?
-6
What is the value of -7 + -2 + 2 + 10?
3
What is (9 - 5) + 1 + (-1 - 0)?
4
Evaluate (-8 + (-4 - -19) - 3) + 4.
8
-1 - 0 - (-8 + 9 - 1)
-1
Evaluate 4 + 2 + -4 + 6.
8
Calculate -4 - -4 - (-5 + 7 - 3).
1
Evaluate -4 + 2 - -2 - (-206 + 214).
-8
What is -1 + 2 - (-4 + 0)?
5
What is the value of -13 + 2 - (18 + -25)?
-4
Calculate 2 + 0 - (-15 - -21).
-4
4 - (0 + -2 + (4 - -2))
0
Calculate 7 - (3 - -7) - (-1 - -1).
-3
What is 4 - (-5 + 7 + 1)?
1
Evaluate 0 + -2 - (0 + 3).
-5
What is -4 + -6 + 7 - (0 + -4)?
1
(2 - -4 - 2) + -5
-1
(5 - (2 + -1)) + 40 + -38
6
Evaluate (0 - 3) + (127 - 130).
-6
Evaluate 3 - (-7 - (-3 + -8) - -3).
-4
What is 2 + -2 + (-11 - -11) + 1?
1
What is the value of -4 + (5 - 1) - (8 + -3)?
-5
Calculate 4 + -1 + (-9 + 0 - -5).
-1
What is (-1 - 1 - 1) + 8?
5
What is the value of -1 + (1 - 4) - (14 + -25)?
7
What is (7 - 4) + (8 - (0 - -5))?
6
What is the value of 8 + 6 + -13 + 6?
7
Evaluate 4 - ((12 - 2) + -3) - -2.
-1
Evaluate -1 - (-5 + (-6 - (5 - 18))).
-3
Evaluate 1 - (11 + -12 - (-2 - 2)).
-2
Evaluate -31 + 32 + (6 - -2) + -4.
5
What is (-18 - -7) + 9 + -4?
-6
Calculate 196 - 192 - (-1 - -14).
-9
Calculate 7 + -11 - ((-4 - 1) + 10).
-9
What is th